{"id":1294,"date":"2013-04-23T08:11:30","date_gmt":"2013-04-23T08:11:30","guid":{"rendered":"http:\/\/localhost\/wordpress\/medicenter\/?page_id=1294"},"modified":"2021-04-18T13:23:14","modified_gmt":"2021-04-18T13:23:14","slug":"kontakt","status":"publish","type":"page","link":"http:\/\/zdrowiepiaseczna.stronazen.pl\/index.php\/kontakt\/","title":{"rendered":"Kontakt"},"content":{"rendered":"<p>[vc_row top_margin=&#8221;page-margin-top&#8221; el_position=&#8221;first&#8221;][vc_column][vc_single_image image=&#8221;3991&#8243; img_size=&#8221;full&#8221; alignment=&#8221;center&#8221;][\/vc_column][\/vc_row][vc_row top_margin=&#8221;page-margin-top&#8221; el_position=&#8221;last&#8221;][vc_column width=&#8221;2\/3&#8243;][vc_column_text]Zapraszamy Pa\u0144stwa<\/p>\n<h2><strong>poniedzia\u0142ek &#8211; pi\u0105tek 8:00 &#8211; 21:00<\/strong><\/h2>\n<h2><strong>sobota 8:00 &#8211; 13:00<\/strong><\/h2>\n<p>&nbsp;<\/p>\n<h4>Umawianie wizyt:<\/h4>\n<p>Prosimy o umawianie wizyt telefonicznie lub mailowo.<\/p>\n<p>Kontakt telefoniczny zapewnia\u00a0najpewniejszy\u00a0spos\u00f3b\u00a0w\u0142a\u015bciwego zapisania si\u0119 do lekarza lub rehabilitanta.<\/p>\n<p>Aby zarejestrowa\u0107 si\u0119 na wizyt\u0119, prosimy przygotowa\u0107 numer PESEL.[\/vc_column_text][\/vc_column][vc_column width=&#8221;1\/3&#8243;][vc_widget_sidebar sidebar_id=&#8221;sidebar-home-right&#8221; el_position=&#8221;first last&#8221;][\/vc_column][\/vc_row]<\/p>\n","protected":false},"excerpt":{"rendered":"<p>[vc_row top_margin=&#8221;page-margin-top&#8221; el_position=&#8221;first&#8221;][vc_column][vc_single_image image=&#8221;3991&#8243; img_size=&#8221;full&#8221; alignment=&#8221;center&#8221;][\/vc_column][\/vc_row][vc_row top_margin=&#8221;page-margin-top&#8221; el_position=&#8221;last&#8221;][vc_column width=&#8221;2\/3&#8243;][vc_column_text]Zapraszamy Pa\u0144stwa poniedzia\u0142ek &#8211; pi\u0105tek 8:00 &#8211; 21:00 sobota 8:00 &#8211; 13:00 &nbsp; Umawianie wizyt: Prosimy o umawianie wizyt telefonicznie lub mailowo. Kontakt telefoniczny zapewnia\u00a0najpewniejszy\u00a0spos\u00f3b\u00a0w\u0142a\u015bciwego zapisania si\u0119 do lekarza lub rehabilitanta. Aby zarejestrowa\u0107 si\u0119 na wizyt\u0119, prosimy przygotowa\u0107 numer PESEL.[\/vc_column_text][\/vc_column][vc_column width=&#8221;1\/3&#8243;][vc_widget_sidebar sidebar_id=&#8221;sidebar-home-right&#8221; el_position=&#8221;first last&#8221;][\/vc_column][\/vc_row]<\/p>\n","protected":false},"author":1,"featured_media":0,"parent":0,"menu_order":0,"comment_status":"open","ping_status":"open","template":"","meta":[],"_links":{"self":[{"href":"http:\/\/zdrowiepiaseczna.stronazen.pl\/index.php\/wp-json\/wp\/v2\/pages\/1294"}],"collection":[{"href":"http:\/\/zdrowiepiaseczna.stronazen.pl\/index.php\/wp-json\/wp\/v2\/pages"}],"about":[{"href":"http:\/\/zdrowiepiaseczna.stronazen.pl\/index.php\/wp-json\/wp\/v2\/types\/page"}],"author":[{"embeddable":true,"href":"http:\/\/zdrowiepiaseczna.stronazen.pl\/index.php\/wp-json\/wp\/v2\/users\/1"}],"replies":[{"embeddable":true,"href":"http:\/\/zdrowiepiaseczna.stronazen.pl\/index.php\/wp-json\/wp\/v2\/comments?post=1294"}],"version-history":[{"count":4,"href":"http:\/\/zdrowiepiaseczna.stronazen.pl\/index.php\/wp-json\/wp\/v2\/pages\/1294\/revisions"}],"predecessor-version":[{"id":4311,"href":"http:\/\/zdrowiepiaseczna.stronazen.pl\/index.php\/wp-json\/wp\/v2\/pages\/1294\/revisions\/4311"}],"wp:attachment":[{"href":"http:\/\/zdrowiepiaseczna.stronazen.pl\/index.php\/wp-json\/wp\/v2\/media?parent=1294"}],"curies":[{"name":"wp","href":"https:\/\/api.w.org\/{rel}","templated":true}]}}