{"id":3811,"date":"2018-10-25T12:36:29","date_gmt":"2018-10-25T12:36:29","guid":{"rendered":"http:\/\/quanticalabs.com\/wptest\/medicenter-new\/?page_id=3811"},"modified":"2021-02-26T14:46:17","modified_gmt":"2021-02-26T14:46:17","slug":"about","status":"publish","type":"page","link":"http:\/\/zdrowiepiaseczna.stronazen.pl\/index.php\/about\/","title":{"rendered":"O nas"},"content":{"rendered":"<p>[vc_row][vc_column]<h2 class=\"box-header page-margin-top\">Witamy w przychodni Zdrowie Piaseczna!<\/h2>[vc_empty_space][\/vc_column][\/vc_row][vc_row][vc_column][vc_single_image image=&#8221;3991&#8243; img_size=&#8221;large&#8221; alignment=&#8221;center&#8221;][vc_empty_space][\/vc_column][\/vc_row][vc_row][vc_column width=&#8221;1\/6&#8243;][vc_empty_space][\/vc_column][vc_column width=&#8221;2\/3&#8243;][vc_column_text]<\/p>\n<h3 style=\"text-align: center;\">Przychodnia Zdrowie Piaseczna zosta\u0142a za\u0142o\u017cona przez czterech lekarzy, kt\u00f3rzy po wielu latach pracy w szpitalach i przychodniach postanowili stworzy\u0107 plac\u00f3wk\u0119 medyczn\u0105, kt\u00f3ra zrealizuje ich marzenia zawodowe: b\u0119dzie<strong> przychodni\u0105 otwart\u0105 i przyjazn\u0105 pacjentowi<\/strong>.<\/h3>\n<p>[\/vc_column_text][\/vc_column][vc_column width=&#8221;1\/6&#8243;][vc_empty_space][\/vc_column][\/vc_row][vc_row top_margin=&#8221;page-margin-top-section&#8221;][vc_column width=&#8221;1\/2&#8243; el_class=&#8221;padding-right-30&#8243;][vc_single_image image=&#8221;3996&#8243; img_size=&#8221;full&#8221;][\/vc_column][vc_column width=&#8221;1\/2&#8243;][vc_column_text el_class=&#8221;large margin-top-10&#8243;]<em>19 stycznia 2013 otworzyli\u015bmy przychodni\u0119 zapewniaj\u0105c\u0105 Pacjentom us\u0142ugi na najwy\u017cszym fachowym poziomie oraz trosk\u0119 i zaanga\u017cowanie personelu. Do wsp\u00f3\u0142pracy zaprosili\u015bmy lekarzy, rehabilitant\u00f3w i piel\u0119gniarki, kt\u00f3rzy wykonuj\u0105 swoj\u0105 prac\u0119 z pasj\u0105 i szacunkiem dla Pacjent\u00f3w.<\/em><\/p>\n<p><em>W naszej przychodni zapewniamy szeroki zakres us\u0142ug specjalistycznych Pacjentom w ka\u017cdym wieku &#8211; od noworodka do os\u00f3b w jesieni \u017cycia. Oferujemy porady lekarskie, konsultacje specjalistyczne, badania diagnostyczne, rehabilitacj\u0119. Unikaln\u0105 us\u0142ug\u0105 jest ocena ju\u017c opisanych bada\u0144 obrazowych \u2013 tzw. drugie spojrzenie (second look) &#8211; ma\u0142o znane w Polsce, a popularne w innych krajach Europy.<\/em><\/p>\n<p><em>Proponujemy szereg dzia\u0142a\u0144 z\u00a0zakresu profilaktyki zdrowotnej, doradzamy i pomagamy Pacjentom dba\u0107 o zdrowie i dobr\u0105 kondycj\u0119.<\/em>[\/vc_column_text][vc_column_text el_class=&#8221;large margin-top-10&#8243;]<\/p>\n<p style=\"text-align: left;\"><em>Zapraszamy!<\/em><\/p>\n<p style=\"text-align: right;\"><em>dr Agnieszka Biejat<\/em><\/p>\n<p style=\"text-align: right;\"><em>dr Micha\u0142 Brzewski<\/em><\/p>\n<p style=\"text-align: right;\"><em>dr Piotr Kwa\u015bnica<\/em><\/p>\n<p style=\"text-align: right;\"><em>dr Marek \u017barczy\u0144ski<\/em><\/p>\n<p>[\/vc_column_text][\/vc_column][\/vc_row]<\/p>\n","protected":false},"excerpt":{"rendered":"<p>[vc_row][vc_column][vc_empty_space][\/vc_column][\/vc_row][vc_row][vc_column][vc_single_image image=&#8221;3991&#8243; img_size=&#8221;large&#8221; alignment=&#8221;center&#8221;][vc_empty_space][\/vc_column][\/vc_row][vc_row][vc_column width=&#8221;1\/6&#8243;][vc_empty_space][\/vc_column][vc_column width=&#8221;2\/3&#8243;][vc_column_text] Przychodnia Zdrowie Piaseczna zosta\u0142a za\u0142o\u017cona przez czterech lekarzy, kt\u00f3rzy po wielu latach pracy w szpitalach i przychodniach postanowili stworzy\u0107 plac\u00f3wk\u0119 medyczn\u0105, kt\u00f3ra zrealizuje ich marzenia zawodowe: b\u0119dzie przychodni\u0105 otwart\u0105 i przyjazn\u0105 pacjentowi. [\/vc_column_text][\/vc_column][vc_column width=&#8221;1\/6&#8243;][vc_empty_space][\/vc_column][\/vc_row][vc_row top_margin=&#8221;page-margin-top-section&#8221;][vc_column width=&#8221;1\/2&#8243; el_class=&#8221;padding-right-30&#8243;][vc_single_image image=&#8221;3996&#8243; img_size=&#8221;full&#8221;][\/vc_column][vc_column width=&#8221;1\/2&#8243;][vc_column_text el_class=&#8221;large margin-top-10&#8243;]19 stycznia 2013 otworzyli\u015bmy przychodni\u0119 zapewniaj\u0105c\u0105 Pacjentom us\u0142ugi<\/p>\n","protected":false},"author":1,"featured_media":0,"parent":0,"menu_order":0,"comment_status":"closed","ping_status":"closed","template":"","meta":[],"_links":{"self":[{"href":"http:\/\/zdrowiepiaseczna.stronazen.pl\/index.php\/wp-json\/wp\/v2\/pages\/3811"}],"collection":[{"href":"http:\/\/zdrowiepiaseczna.stronazen.pl\/index.php\/wp-json\/wp\/v2\/pages"}],"about":[{"href":"http:\/\/zdrowiepiaseczna.stronazen.pl\/index.php\/wp-json\/wp\/v2\/types\/page"}],"author":[{"embeddable":true,"href":"http:\/\/zdrowiepiaseczna.stronazen.pl\/index.php\/wp-json\/wp\/v2\/users\/1"}],"replies":[{"embeddable":true,"href":"http:\/\/zdrowiepiaseczna.stronazen.pl\/index.php\/wp-json\/wp\/v2\/comments?post=3811"}],"version-history":[{"count":3,"href":"http:\/\/zdrowiepiaseczna.stronazen.pl\/index.php\/wp-json\/wp\/v2\/pages\/3811\/revisions"}],"predecessor-version":[{"id":3998,"href":"http:\/\/zdrowiepiaseczna.stronazen.pl\/index.php\/wp-json\/wp\/v2\/pages\/3811\/revisions\/3998"}],"wp:attachment":[{"href":"http:\/\/zdrowiepiaseczna.stronazen.pl\/index.php\/wp-json\/wp\/v2\/media?parent=3811"}],"curies":[{"name":"wp","href":"https:\/\/api.w.org\/{rel}","templated":true}]}}